24 (base 12) to base 8
-4214
Convert 3112 (base 7) to base 16.
43f
Convert -312000 (base 4) to base 12.
-2000
-1039 (base 11) to base 14
-701
Convert -1ec7 (base 15) to base 13.
-3094
What is -15171 (base 8) in base 16?
-1a79
34283 (base 10) to base 15
a258
Convert 1011100111111110 (base 2) to base 15.
e194
-1000 (base 2) to base 3
-22
What is -194 (base 12) in base 11?
-213
-451 (base 15) to base 4
-33100
2023001 (base 4) to base 10
8897
Convert -3310300 (base 4) to base 5.
-1000124
-22a (base 12) to base 4
-11002
What is -27ac (base 13) in base 5?
-140334
What is 6091 (base 11) in base 4?
1332112
Convert -890b (base 13) to base 9.
-28181
-3970 (base 10) to base 4
-332002
What is 11532 (base 7) in base 3?
11010120
-23 (base 8) to base 2
-10011
Convert -231212 (base 4) to base 15.
-ce8
Convert 132030 (base 6) to base 9.
17550
Convert 12440 (base 9) to base 6.
102443
Convert 2c8 (base 13) to base 12.
35a
What is 847 (base 15) in base 16?
74b
Convert -110022220 (base 3) to base 12.
-5250
What is -203b2 (base 12) in base 14?
-1146a
-12201 (base 3) to base 8
-232
Convert -2705 (base 13) to base 14.
-206a
What is -3da (base 14) in base 6?
-3340
What is 772 (base 13) in base 3?
1202021
What is 103200 (base 5) in base 9?
4774
Convert -122011000 (base 3) to base 16.
-30d5
What is 2100210 (base 3) in base 4?
122322
Convert 1020 (base 3) to base 14.
25
What is 146601 (base 7) in base 6?
341100
-570 (base 9) to base 4
-13110
What is 376b (base 15) in base 12?
69b5
What is -310203 (base 4) in base 9?
-4546
172 (base 16) to base 3
111201
Convert 4260 (base 7) to base 10.
1512
231024 (base 5) to base 12
4948
-8446 (base 10) to base 11
-6389
Convert 434 (base 14) to base 4.
30332
What is -465b (base 12) in base 10?
-7847
Convert -11342 (base 5) to base 16.
-34f
Convert 12523 (base 12) to base 16.
616b
What is 1130 (base 11) in base 3?
2001000
23636 (base 7) to base 13
2a53
What is 56154 (base 8) in base 16?
5c6c
-a5b (base 15) to base 2
-100100100000
-36564 (base 9) to base 7
-131326
Convert -100010101100111 (base 2) to base 10.
-17767
What is c3b6 (base 14) in base 10?
33676
3111 (base 4) to base 8
325
Convert -2d2a (base 16) to base 9.
-16766
Convert -1000002 (base 3) to base 15.
-33b
What is -213 (base 14) in base 5?
-3114
-1964 (base 10) to base 12
-1178
What is 284 (base 16) in base 14?
340
What is -721 (base 8) in base 11?
-393
-147433 (base 8) to base 4
-30330123
Convert 96 (base 16) to base 10.
150
Convert 3b8 (base 15) to base 11.
701
5012 (base 7) to base 16
6bc
What is 54031 (base 8) in base 16?
5819
Convert 11000010010 (base 2) to base 5.
22204
Convert ae9 (base 15) to base 16.
9a5
-8848 (base 12) to base 8
-35270
922 (base 14) to base 15
7e9
Convert -a3 (base 13) to base 10.
-133
4359 (base 10) to base 11
3303
-663 (base 10) to base 3
-220120
Convert -165 (base 11) to base 14.
-da
What is 824 (base 13) in base 7?
4013
-110000110110010 (base 2) to base 5
-1300020
Convert 40b (base 12) to base 3.
210202
-c83 (base 15) to base 14
-1059
What is -541021 (base 6) in base 11?
-30307
-a65 (base 15) to base 5
-33340
-6823 (base 9) to base 8
-11663
What is 357 (base 15) in base 7?
2131
What is -2153 (base 7) in base 6?
-3325
Convert -1033 (base 9) to base 15.
-359
1033 (base 4) to base 3
2221
What is -1201 (base 5) in base 3?
-20112
Convert -110002 (base 3) to base 15.
-16b
1001001110 (base 2) to base 12
412
What is 2075 (base 11) in base 6?
20412
What is 8957 (base 13) in base 8?
45341
Convert 9b (base 12) to base 8.
167
What is -3211 (base 4) in base 2?
-11100101
What is 2b63 (base 12) in base 2?
1001111111011
-40282 (base 9) to base 8
-63560
What is 1011111100111 (base 2) in base 5?
143434
22060 (base 7) to base 4
1112122
Convert -10002201 (base 3) to base 10.
-2260
-377 (base 16) to base 9
-1185
100000100011 (base 2) to base 15
93d
225 (base 9) to base 11
159
1011011001111 (base 2) to base 11
4429
What is -11010 (base 2) in base 5?
-101
Convert -269c (base 15) to base 16.
-2037
-543 (base 12) to base 2
-1100000011
Convert 10399 (base 10) to base 16.
289f
Convert 1101000010111 (base 2) to base 6.
50531
Convert 12121 (base 4) to base 9.
504
What is -8a8 (base 15) in base 10?
-1958
What is 100010100 (base 2) in base 9?
336
What is 41b8 (base 13) in base 9?
13440
Convert -8651 (base 12) to base 10.
-14749
4d1 (base 14) to base 5
12332
What is 23b (base 15) in base 7?
1322
101343 (base 5) to base 12
1b30
-3163 (base 8) to base 4
-121303
446 (base 7) to base 5
1410
3003 (base 12) to base 16
1443
Convert 4f22 (base 16) to base 11.
14247
Convert -1ee (base 16) to base 4.
-13232
Convert 1131202 (base 4) to base 15.
1b91
-5361 (base 9) to base 7
-14332
-496 (base 15) to base 6
-4453
25341 (base 8) to base 6
122453
What is 18a23 (base 12) in base 3?
1211102100
12403 (base 5) to base 14
4dc
172c (base 13) to base 11
2628
Convert -1771 (base 12) to base 15.
-c81
Convert 10101100110010 (base 2) to base 3.
120011120
What is 146dd (base 15) in base 12?
32017
Convert -5671 (base 8) to base 15.
-d51
Convert -31010223 (base 4) to base 2.
-1101000100101011
2b2 (base 16) to base 6
3110
-1366 (base 8) to base 2
-1011110110
Convert 22423 (base 7) to base 2.
1011001000101
-1312 (base 7) to base 13
-2c5
Convert -10040300 (base 5) to base 14.
-215a4
What is -1034140 (base 5) in base 16?
-467d
What is 28b (base 12) in base 13?
245
-371 (base 15) to base 5
-11111
What is -10012410 (base 5) in base 10?
-79105
What is 11002 (base 6) in base 9?
2062
What is 384 (base 13) in base 10?
615
Convert -910 (base 12) to base 15.
-5c3
Convert -1201002 (base 3) to base 7.
-3425
-101011111 (base 2) to base 4
-11133
Convert -31400 (base 5) to base 11.
-163a
What is -210102 (base 3) in base 8?
-1102
Convert -860 (base 16) to base 4.
-201200
What is 123220 (base 4) in base 5?
24033
-2021010121 (base 3) to base 11
-30535
What is -147671 (base 8) in base 7?
-311015
What is 980 (base 15) in base 4?
201201
What is -2340 (base 6) in base 3?
-202220
What is 1420 (base 5) in base 11?
1a4
What is -4a (base 11) in base 14?
-3c
What is -53644 (base 9) in base 2?
-1000101010111110
1142 (base 7) to base 6
1542
58041 (base 9) to base 7
220516
What is -130a0 (base 12) in base 5?
-1313130
3531 (base 9) to base 11
1a72
439f (base 16) to base 7
101320
-482 (base 10) to base 15
-222
What is -26a (base 12) in base 5?
-2440
2541 (base 6) to base 4
21331
What is -1129 (base 11) in base 3?
-2000221
What is 10122202 (base 3) in base 5?
41131
Convert 8685 (base 12) to base 15.
45ae
Convert 13412 (base 7) to base 4.
320303
Convert -1111101000000011 (base 2) to base 6.
-1212151
What is -237 (base 10) in base 6?
-1033
-28519 (base 10) to base 11
-1a477
What is 112220 (base 3) in base 2?
110010010
2210221 (base 3) to base 2
100000000010
Convert -1472 (base 10) to base 8.
-2700
103111 (base 4) to base 7
3415
What is -31cb (base 15) in base 5?
-314131
What is 14925 (base 10) in base 11?
10239
1155 (base 7) to base 6
2000
Convert -743 (base 8) to base 6.
-2123
-200221212 (base 3) to base 2
-11010111111100
What is -1662 (base 13) in base 5?
-101131
What is 707 (base 14) in base 6?
10215
What is 3684 (base 10) in base 15?
1159
Convert 8c8a (base 13) to base 14.
7286
What is -135443 (base 6) in base 3?
-122201100
-141450 (base 6) to base 11
-a037
-4151 (base 7) to base 8
-2661
What is 3b (base 15) in base 10?
56
Convert -721 (base 14) to base 7.
-4041
What is -252400 (base 6) in base 12?
-11100
-100100100100 (base 2) to base 14
-bd2
-198 (base 10) to base 6
-530
What is 12 (base 8) in base 14?
a
What is 297 (base 10) in base 13?
19b
26 (base 10) to base 15
1b
Convert -1527 (base 10) to base 3.
-2002120
Convert 72293 (base 10) to base 5.
4303133
3248 (base 10) to base 6
23012
What is 1100011011 (base 2) in base 7?
2214
706 (base 8) to base 6
2034
-2338 (base 12) to base 6
-30112
What is -4413 (base 6) in base 2?
-1111111001
What is 76489 (base 10) in base 11?
52516
What is 3034 (base 5) in base 6?
1454
What is 25489 (base 12) in base 6?
1031053
What is -20120222 (base 3) in base 9?
-6528
What is -221011 (base 4) in base 7?
-10444
Convert -2012222012 (base 3) to base 11.
-2a934
What is 101100110 (base 2) in base 8?
546
Convert 332 (base 4) to base 15.
42
aa7 (base 13) to base 15
81c
1c6c (base 15) to base 11
4706
What is 5ac6